73?
201973
What are the prime factors of 1007982?
2, 3, 29, 1931
List the prime factors of 2950908.
2, 3, 245909
List the prime factors of 132980.
2, 5, 61, 109
What are the prime factors of 6001874?
2, 1283, 2339
What are the prime factors of 1177939?
7, 168277
What are the prime factors of 20642?
2, 10321
What are the prime factors of 7236488?
2, 7, 129223
What are the prime factors of 488179?
43, 11353
List the prime factors of 4011396.
2, 3, 29, 11527
What are the prime factors of 7125112?
2, 109, 8171
What are the prime factors of 124458?
2, 3, 20743
List the prime factors of 272395.
5, 157, 347
List the prime factors of 194300.
2, 5, 29, 67
List the prime factors of 5382212.
2, 11, 122323
What are the prime factors of 583575?
3, 5, 31, 251
What are the prime factors of 3235853?
859, 3767
List the prime factors of 902800.
2, 5, 37, 61
List the prime factors of 5553746.
2, 11, 252443
List the prime factors of 18934.
2, 9467
List the prime factors of 188242.
2, 94121
What are the prime factors of 919382?
2, 459691
What are the prime factors of 1351994?
2, 7, 269, 359
List the prime factors of 25453390.
2, 5, 1061, 2399
List the prime factors of 1341280.
2, 5, 83, 101
List the prime factors of 19725545.
5, 7, 563587
List the prime factors of 804379.
23, 41, 853
What are the prime factors of 3491642?
2, 7, 11, 41, 79
What are the prime factors of 2623452?
2, 3, 13, 67, 251
What are the prime factors of 3403610?
2, 5, 7, 48623
What are the prime factors of 318350?
2, 5, 6367
What are the prime factors of 26438?
2, 13219
List the prime factors of 217887.
3, 59, 1231
List the prime factors of 2446388.
2, 7, 41, 2131
What are the prime factors of 1845964?
2, 19, 107, 227
List the prime factors of 359830.
2, 5, 35983
What are the prime factors of 2580873?
3, 860291
What are the prime factors of 149784?
2, 3, 79
What are the prime factors of 190142?
2, 95071
What are the prime factors of 615483?
3, 11, 6217
List the prime factors of 4841904.
2, 3, 149, 677
What are the prime factors of 320660?
2, 5, 16033
List the prime factors of 197089.
197089
What are the prime factors of 239550?
2, 3, 5, 1597
What are the prime factors of 174652?
2, 47, 929
What are the prime factors of 11457345?
3, 5, 763823
What are the prime factors of 599150?
2, 5, 23, 521
List the prime factors of 300497.
300497
List the prime factors of 1523299.
83, 18353
List the prime factors of 227788.
2, 11, 31, 167
List the prime factors of 68088.
2, 3, 2837
What are the prime factors of 1030212?
2, 3, 9539
What are the prime factors of 358861?
358861
List the prime factors of 601154.
2, 17, 17681
List the prime factors of 9405966.
2, 3, 1567661
List the prime factors of 5360373.
3, 101, 5897
What are the prime factors of 233974?
2, 13, 8999
What are the prime factors of 259075?
5, 43, 241
List the prime factors of 719820.
2, 3, 5, 31, 43
List the prime factors of 35175617.
709, 49613
List the prime factors of 2474126.
2, 1237063
What are the prime factors of 115661?
7, 13, 31, 41
What are the prime factors of 89312?
2, 2791
List the prime factors of 1429939.
7, 37, 5521
What are the prime factors of 269261?
23, 509
What are the prime factors of 1837773?
3, 7, 31, 941
What are the prime factors of 29143555?
5, 7, 832673
What are the prime factors of 38200?
2, 5, 191
List the prime factors of 194816.
2, 761
What are the prime factors of 528257?
19, 27803
List the prime factors of 392862.
2, 3, 41, 1597
List the prime factors of 618464.
2, 7, 11, 251
What are the prime factors of 992145?
3, 5, 7, 11, 859
List the prime factors of 26794990.
2, 5, 2679499
List the prime factors of 922904.
2, 115363
List the prime factors of 2514011.
17, 8699
List the prime factors of 1068337.
41, 71, 367
What are the prime factors of 122518?
2, 11, 5569
List the prime factors of 1387748.
2, 233, 1489
List the prime factors of 24828.
2, 3, 2069
List the prime factors of 1607115.
3, 5, 19, 5639
List the prime factors of 5480326.
2, 107, 25609
List the prime factors of 281210.
2, 5, 61, 461
List the prime factors of 9025815.
3, 5, 29, 20749
List the prime factors of 81904.
2, 5119
List the prime factors of 1731030.
2, 3, 5, 7, 8243
List the prime factors of 297947.
13, 41, 43
What are the prime factors of 71452?
2, 17863
List the prime factors of 2297606.
2, 83, 13841
List the prime factors of 9557650.
2, 5, 23, 8311
List the prime factors of 1317931.
283, 4657
What are the prime factors of 4786605?
3, 5, 17, 6257
What are the prime factors of 2067211?
2067211
List the prime factors of 5956879.
101, 58979
List the prime factors of 12897083.
29, 41, 10847
What are the prime factors of 158601?
3, 29, 1823
List the prime factors of 327250.
2, 5, 7, 11, 17
List the prime factors of 7714250.
2, 5, 59, 523
List the prime factors of 824450.
2, 5, 11, 1499
What are the prime factors of 144400?
2, 5, 19
What are the prime factors of 221606?
2, 7, 11, 1439
What are the prime factors of 457918?
2, 228959
List the prime factors of 2911196.
2, 727799
List the prime factors of 555794.
2, 277897
What are the prime factors of 8120304?
2, 3, 18797
List the prime factors of 2303444.
2, 11, 13, 4027
List the prime factors of 183889.
17, 29, 373
List the prime factors of 1725517.
17, 101501
List the prime factors of 146339.
61, 2399
What are the prime factors of 325554?
2, 3, 29, 1871
What are the prime factors of 674365?
5, 134873
List the prime factors of 3814938.
2, 3, 23549
What are the prime factors of 2718491?
137, 19843
What are the prime factors of 168736?
2, 5273
List the prime factors of 885270.
2, 3, 5, 23, 1283
List the prime factors of 101215.
5, 31, 653
List the prime factors of 38919.
3, 12973
What are the prime factors of 43625?
5, 349
List the prime factors of 129296.
2, 8081
What are the prime factors of 227982?
2, 3, 37997
What are the prime factors of 2645297?
2645297
What are the prime factors of 2966258?
2, 173, 8573
What are the prime factors of 15243054?
2, 3, 19, 133711
List the prime factors of 418570.
2, 5, 19, 2203
List the prime factors of 140208.
2, 3, 23, 127
List the prime factors of 128227.
11, 11657
What are the prime factors of 6506210?
2, 5, 47, 109, 127
What are the prime factors of 2413846?
2, 31, 38933
List the prime factors of 2106180.
2, 3, 5, 11701
List the prime factors of 5480362.
2, 29, 61, 1549
What are the prime factors of 8873193?
3, 7, 23, 18371
What are the prime factors of 1227337?
1227337
List the prime factors of 13486164.
2, 3, 449, 2503
List the prime factors of 36005.
5, 19, 379
List the prime factors of 6545622.
2, 3, 1090937
What are the prime factors of 112037?
199, 563
What are the prime factors of 1366631?
7, 101, 1933
What are the prime factors of 17736655?
5, 3547331
List the prime factors of 5163372.
2, 3, 47809
List the prime factors of 771694.
2, 7, 11, 5011
List the prime factors of 5227878.
2, 3, 37, 23549
List the prime factors of 653441.
47, 13903
List the prime factors of 1895607.
3, 7, 30089
List the prime factors of 161192.
2, 20149
List the prime factors of 112273.
7, 43, 373
What are the prime factors of 5064197?
41, 123517
List the prime factors of 14429785.
5, 103, 28019
List the prime factors of 1032851.
1032851
List the prime factors of 314065.
5, 23, 2731
What are the prime factors of 3414165?
3, 5, 227611
List the prime factors of 237600.
2, 3, 5, 11
What are the prime factors of 390196?
2, 97549
What are the prime factors of 15497099?
71, 167, 1307
What are the prime factors of 561625?
5, 4493
List the prime factors of 113461.
83, 1367
What are the prime factors of 4975761?
3, 7, 313, 757
List the prime factors of 201113.
11, 47, 389
List the prime factors of 4634566.
2, 2317283
List the prime factors of 174743.
17, 19, 541
List the prime factors of 781655.
5, 7, 23, 971
List the prime factors of 86492.
2, 7, 3089
What are the prime factors of 243453?
3, 7, 11593
List the prime factors of 1215388.
2, 311, 977
List the prime factors of 101370.
2, 3, 5, 31, 109
What are the prime factors of 8150261?
7, 1164323
What are the prime factors of 85711?
85711
What are the prime factors of 276798?
2, 3, 46133
What are the prime factors of 621133?
621133
List the prime factors of 7296625.
5, 7, 31, 269
List the prime factors of 438864.
2, 3, 41, 223
Li